 4*u + 4*y - 24 = 0. Let z(d) = 4*d - 1. List the prime factors of z(u).
11
Suppose -183 = -4*a + 3*y + 308, -3*y = 4*a - 485. List the prime factors of a.
2, 61
Let v = 76 + 143. List the prime factors of v.
3, 73
List the prime factors of (1/(-2))/(1/(-316)).
2, 79
Let g(z) = -3*z**2 + 2. Let n be g(4). Let r = 73 + n. List the prime factors of r.
3
Let c(l) = 105*l - 34. List the prime factors of c(3).
281
Suppose -2*y = -0*y - 162. List the prime factors of y.
3
Let t be (-1340)/50 - 2/10. Let o = -6 - t. List the prime factors of o.
3, 7
Suppose -5*m = -h - 159, -m - 2*h - 3*h + 11 = 0. Suppose 0 = -5*a - 141 + 31. Let o = m + a. List the prime factors of o.
3
Suppose -10 = -4*k + 2. Suppose -k*t = -t - 14. Suppose u + 0*u = t. List the prime factors of u.
7
Suppose -5*r - 324 + 1064 = 0. List the prime factors of r.
2, 37
Let c(g) = -g**3 - 5*g**2 + 4*g - 7. Let m be c(-6). Let s = 8 - m. Suppose -s*w + 11 = p, 3*p + w = 24 + 25. What are the prime factors of p?
17
Let o(b) = -b**2 - 3*b + 3. Let v be o(-5). What are the prime factors of ((-2)/(-2))/(v/(-105))?
3, 5
Let t be ((-3)/(-9))/((-1)/(-39)). Suppose -2*a + 3*a = t. What are the prime factors of a?
13
Suppose -9 = -3*v + 2*v. Let x be ((-14)/(-3))/(2/v). Let s = x - 15. What are the prime factors of s?
2, 3
Let b(r) = -r. Let g be b(0). Let t(x) be the second derivative of -x**5/20 + x**4/12 + 8*x**2 + 3*x. List the prime factors of t(g).
2
Let l = 9 + -6. Suppose -4*h + 32 = l*s, 0*h - 3*h + 6 = 0. List the prime factors of s.
2
What are the prime factors of 10*3/15 - 2*-181?
2, 7, 13
What are the prime factors of ((-2)/5 - (-1437)/(-45))*-3?
97
Suppose 0 = -9*f + 4*f + 10. Suppose f*y - 4*o = 4, 0*o + 2*o + 6 = 3*y. Suppose 4*h - y = 10. What are the prime factors of h?
3
Let s be ((-1)/3)/(2/(-18)). Suppose -1 = -a + 6*n - 5*n, s*n = 2*a - 7. List the prime factors of (-16)/10*(-1 + a).
2
Let f(a) = a**2 - a - 1. Let p be f(-1). List the prime factors of -52*(0 + -1)*p.
2, 13
Let j be (-3 - -6)*(-2)/(-6). Let g(d) = d + 6. Let b be g(0). Let u = b - j. List the prime factors of u.
5
Suppose x = 10*x - 18. Let w(c) = -c**2 - 6*c + 2. Let k be w(-6). Suppose 56 = k*g + x*g. What are the prime factors of g?
2, 7
Suppose 10*b + 45 = 5*b. Let c = b - -13. What are the prime factors of c?
2
Suppose 2*i + 3*i = -215. Let p = -16 - i. What are the prime factors of p?
3
Let h = -7 - -12. Suppose -19 - 41 = -h*l. List the prime factors of l.
2, 3
Let p = 6 - -6. Suppose -2*k + 6*k = p. What are the prime factors of ((-18)/4)/(k/(-4))?
2, 3
Let v(r) = r**2 - r + 40. Suppose 0*m + m = 0. List the prime factors of v(m).
2, 5
Let m(l) = 2*l**2 + 2*l + 2. Suppose -2 - 4 = 2*d. List the prime factors of m(d).
2, 7
Let z = 123 - 59. What are the prime factors of z?
2
Let v = -59 - 93. List the prime factors of v/(-6) + 20/(-15).
2, 3
Let o be 2*(-2)/((-12)/3). Let q(b) = 0*b - 3*b - 3 - 3 + o. What are the prime factors of q(-4)?
7
Let s(c) = -50*c + 2. List the prime factors of s(-2).
2, 3, 17
Suppose -2*l - d + 9 = 0, 3*d - 10 = 5*l - d. Suppose f = 9 - l. Suppose 0 = 2*t - f*t + 80. List the prime factors of t.
2
Suppose 168 = -4*h - 4*g, -4*h - 5*g - 42 = -3*h. Let a be h/4*8/(-4). Suppose 3*l - 3*v - a = 3, -5*l + v = -56. What are the prime factors of l?
2, 3
What are the prime factors of (6/(-2))/((-15)/190)?
2, 19
Let u(s) = 59*s**2 + s. Let x be u(1). Suppose i - 30 = 8*a - 3*a, -2*i + 5*a + x = 0. Suppose 3*l - i = -2*l. What are the prime factors of l?
2, 3
Let s(h) = -3*h - 3. Let m be s(-2). Suppose m*t = -t + 140. List the prime factors of t.
5, 7
Let w(a) = 11*a - 6. Let z be w(6). Suppose -3*d = -6*d + z. List the prime factors of d.
2, 5
Suppose -4*g + 3*j - 135 - 10 = 0, -2*g - 5*j = 53. Suppose -3*q = -2*z + 17, -q = 3*z - 3 - 6. What are the prime factors of 2/(-6) + g/q?
11
Suppose -6*h = -11*h. Let r = h + 27. List the prime factors of r.
3
Suppose q + 3 = -3. Let u(o) = -o**3 + 3*o**2 - o - 1. Let y be u(2). Let b = y - q. What are the prime factors of b?
7
Suppose -6*a - 63 + 315 = 0. List the prime factors of a.
2, 3, 7
Suppose 0 = 7*j - 9*j + 22. List the prime factors of j.
11
Suppose v = -0*v + 22. List the prime factors of v.
2, 11
Let q(o) = 14*o**2 - 15*o - 15. List the prime factors of q(-5).
2, 5, 41
What are the prime factors of -1 + 0 + -1 + 42?
2, 5
Let l(q) = 2*q**2 - 6*q - 2. Suppose 4*a - 24 = -4, 15 = 5*y - 2*a. What are the prime factors of l(y)?
2, 3
Suppose 0 = -4*l - 0*l - 36. Let b be (-6)/(-4)*(-78)/l. Suppose b = -4*x + 61. List the prime factors of x.
2, 3
Let c be 20/(-6)*(-7 + -2). Suppose 3*o + 2*s = -2*s + c, -s - 27 = -5*o. What are the prime factors of o?
2, 3
Suppose 6*r + 37 = 1579. What are the prime factors of r?
257
Let w(d) be the second derivative of d**5/20 + d**2/2 - d. Let p be w(0). List the prime factors of p*(7 + 6/3).
3
Let b be (-7 + 21)/(1 + 1). Let v(m) = -m**2 + 7*m + 5. List the prime factors of v(b).
5
Let u(k) = 4*k**2 + 11*k + 3. Suppose -h - 4*h - 15 = 5*j, 2*j + 4*h + 2 = 0. What are the prime factors of u(j)?
2, 3
Let n = -13 + 18. Let m be (n/(-4))/((-6)/24). Let y = m + 3. List the prime factors of y.
2
Suppose -a + 31 = 2*g, -3*g + a + 79 = -4*a. What are the prime factors of g?
2, 3
Let b = -11 - -9. Let g = 4 + b. What are the prime factors of g?
2
Suppose 3*p - 12 = -p. Suppose -h - l + 6 = 0, 3*h - 2*l - 8 = -p*l. Let a = 3 - h. List the prime factors of a.
2
Let l(j) = -j**2 + 10*j - 16. Let w be l(7). What are the prime factors of 36 + 2 - (-15)/w?
41
Let p(t) = 2*t**2 - 10*t + 6. What are the prime factors of p(9)?
2, 3, 13
Suppose y = -0 + 4. Suppose y*t + 0*t - 8 = 0. List the prime factors of -2*1 + 28/t.
2, 3
Let c be (-51)/(-2)*(-4)/(-6). Suppose 5*a + 55 = o, -2*a - 12 = o + c. What are the prime factors of (-1)/2 + (-138)/a?
11
Suppose -r + 6 = 2*r. Suppose i = -r*i. Suppose i = v - 2*v + 7. What are the prime factors of v?
7
Let d be (-16)/12*(-6)/(-4). Let m be 2*d + 2 + 2. Suppose m*s + 5*s = 15. What are the prime factors of s?
3
Let c(d) = -d**3 - 5*d**2 + 3*d - 8. List the prime factors of c(-6).
2, 5
Let y = -93 - -259. List the prime factors of y.
2, 83
Suppose 4*d + 4 - 32 = 0. Let h(j) = j**3 - 9*j**2 - 9*j - 3. Let v be h(d). What are the prime factors of 6/21 - v/14?
2, 3
Let t(k) = k**2 + 3*k + 4. Let a be t(-3). Suppose a*o + o = 75. List the prime factors of o.
3, 5
Suppose 0 = -2*c - 2*c + 8. Suppose 3*s + r - 12 = 0, 2*s + 2*s - 6 = c*r. Suppose -9 = -v - 2*l - 4, 0 = s*v + l - 20. What are the prime factors of v?
7
What are the prime factors of -8*(-40)/5 + 0?
2
Suppose -3*w + 67 = -5*c, 4*w - 3*c - 78 = -2*c. Suppose r - 5*i = -w, r = 5*r + 2*i - 12. What are the prime factors of 12 - ((r - 3) + 3)?
11
Let t be -3*(-2)/6*3. Let a be (-1 + 2)/(t/15). Suppose -2*x + o + a = 0, 2*o + 11 = 3*x + 4*o. What are the prime factors of x?
3
Let d(x) = -x + 1. Let t be d(-2). Suppose 0 = -t*p, -10 = -k - p - 4*p. What are the prime factors of k?
2, 5
Let c be (-2)/2 + 6 + -2. Suppose 0 = -c*p - 4*z + 21, 17 = 2*p + z - 2. List the prime factors of p.
11
Suppose 2*w + 15 = 7*w, -5*z = -2*w - 4. What are the prime factors of ((-10)/4)/(z/(-4))?
5
Let y be 0 - (0 - -54 - -1). Let m = 91 + y. Suppose -m = -5*n + n. What are the prime factors of n?
3
List the prime factors of (-10400)/(-144) - (-2)/(-9).
2, 3
Let f(y) = y**3 + 5*y**2. Let o be f(-5). Suppose x + 0*x - 3 = 0. Suppose x*d = -0*h - 4*h + 17, o = -5*d - 2*h + 19. What are the prime factors of d?
3
Let c(y) = 3 + 4*y**2 + 6*y + 1 + 5 - 3*y**2. Let v = -15 + 9. List the prime factors of c(v).
3
Let f(g) = -2*g + 1. Let m be f(2). Let y be 1*(-3 - (0 + m)). Suppose -o + 0*o + 19 = y. List the prime factors of o.
19
Suppose 0 = 4*u - 2*u. Let k(o) = -o**2 + 23. Let m be k(u). Let p = m + -15. List the prime factors of p.
2
Let b(h) = 8*h**2 + 4*h + 3. What are the prime factors of b(-6)?
3, 89
Let j = -54 - -90. What are the prime factors of j?
2, 3
Suppose 155 + 45 = 5*i. List the prime factors of i.
2, 5
Let f(t) = t**3 + 4*t**2 + 2*t - 1. Let z be f(-2). Suppose 3*b - 12 = z. Suppose -b*v - d = -0*d - 16, 2*d = -v - 4. What are the prime factors of v?
2
Suppose 0 = 4*c - 0*l - 3*l - 227, -l = 4*c - 207. What are the prime factors